t is the units digit of 57/9 - (-7)/(-21)?
6
Let o(w) = 5*w**2 - 2*w + 3. Let c be 12/21*14/4. What is the tens digit of o(c)?
1
Let s(t) = t**3 + 6*t**2 + 6*t + 5. Let f be s(-5). Suppose 4*v - 44 - 56 = f. What is the tens digit of v?
2
Let t(m) = -m**2 - 3*m + 8. What is the units digit of t(-4)?
4
Let h(g) = g**2 + 24. Let l be h(0). Suppose 3*y = y + l. What is the units digit of y?
2
Let d(t) = t - 6. Let g be d(5). Let s = g - -21. What is the tens digit of s?
2
Suppose 7*k = 2798 - 320. What is the tens digit of k?
5
Suppose -7 = x - c, 7*c - 4*c - 43 = 5*x. Let j = x + 17. What is the units digit of j?
6
Let s = 0 - -6. Let z = s + -1. Suppose 0 = 2*u + 3*u - a - 88, 5*u - 100 = z*a. What is the tens digit of u?
1
Suppose -10 = 4*v - 0*o - 3*o, 0 = 5*v + o + 22. Let h = v + 13. Suppose 29 = 2*y + h. What is the units digit of y?
0
Suppose t + l = 2 + 1, 3*t - 2 = 4*l. Suppose -t*c = c - 21. What is the units digit of c?
7
What is the units digit of 28/42 - (-124)/3?
2
Let d = 24 + 48. Let x = -49 + d. Suppose -2*c - 5 = -x. What is the units digit of c?
9
Let x = -13 + 23. What is the units digit of x?
0
Suppose -5*s + 2*l + 191 + 306 = 0, -5 = 5*l. What is the units digit of s?
9
Let g = -4 + 6. Suppose 5*y = -13 + 23. Suppose p - g*x = 3, 0 = 5*p - y*p + 4*x - 19. What is the units digit of p?
5
What is the units digit of ((-1758)/(-12)*-1)/((-2)/4)?
3
Let s be (3/4)/((-1)/(-4)). Suppose -r + 27 = 2*i, 5*r + 0*r + 60 = s*i. What is the units digit of (25/i)/((-2)/(-6))?
5
Let c be (-14)/(-5) - (-1)/5. Let y = 26 + c. What is the units digit of y?
9
Let g be 30/4*(-48)/(-20). Suppose -15 = q - 6*q - 5*x, 2*x = 2*q - g. What is the units digit of q?
6
Let z(w) be the second derivative of -w**3/6 - w**2 - 4*w. What is the units digit of z(-3)?
1
Let k = 3 + -2. Let s(f) = 4*f + 2*f - f. What is the units digit of s(k)?
5
Let q = 40 + -14. Suppose 3*w = 2*h + q, -h + 3*h = 10. Suppose d - w = -d. What is the units digit of d?
6
Let x(l) = -l + 10. Let o be x(5). Let z(t) = -9*t. Let r be z(-3). What is the units digit of (-9)/(-15) + r/o?
6
Let y(v) = -60*v. Let r be y(-2). Suppose r = 2*j + 2*j. Suppose z = -4*z + j. What is the units digit of z?
6
Let w(b) = -2*b + 6. Let z be w(3). Suppose z = 5*d + 5*m - 175, 55 = -d + 2*d - 3*m. What is the units digit of d?
0
Let q(c) = 19*c**2 + c. Let r be q(-1). What is the units digit of 122/r - 6/(-27)?
7
Let d(c) = -387*c - 19. What is the hundreds digit of d(-1)?
3
Suppose -3*w = -1 - 5. Let q(o) = -2*o**2 - 2*o**w - 7*o + 3*o**2. What is the units digit of q(-6)?
6
Let c(t) be the second derivative of t**5/5 - t**2/2 + t. Let p = -63 + 64. What is the units digit of c(p)?
3
Suppose 4*i = -0*j + 2*j - 54, -62 = -2*j - 4*i. What is the units digit of j?
9
Suppose 0 = -2*i - 3*d - 13, 5*i + 16 = -0*i - 2*d. Suppose 9 = 3*w - 3*o, -4*o - 6 = 4*w - 2. What is the units digit of (0 + w)*i + 4?
2
Suppose -3*z + 12 = -0*k + 3*k, z = 2*k - 5. What is the tens digit of 10 - (z - (2 - -1))?
1
Let y be -67 + 0 - (9 + -7). Let z = 101 + y. What is the units digit of z?
2
Suppose -b - 5*y = -57, 261 = 5*b + 2*y - y. What is the units digit of b?
2
Let w = 78 - 30. Let j be 2/10 + w/10. Suppose j*d - 38 - 12 = 0. What is the units digit of d?
0
Suppose 5*g = 2*w - 4*w + 1492, 4*w + 16 = 0. What is the tens digit of g?
0
Let i(f) = -f**2 + 9*f + 3. Let r(y) = 5*y + 2. Let k(w) = -3*i(w) + 5*r(w). What is the units digit of k(-2)?
7
Let w be 31/(0 + 0 + 1). Suppose 8*p - 4*p = 5*n + 10, 3*n = -5*p + w. What is the units digit of n?
2
Suppose 0 = -3*o + 10 + 5. Suppose -c + 5*s + 5 = c, -s = o*c - 80. What is the units digit of c?
5
Let l(n) = -n**3 - 5*n**2 + 7. Let q be l(-5). Let s(z) = -z + 9. What is the units digit of s(q)?
2
Suppose 0 = w + 3*y + y + 6, 5*w + 4*y - 2 = 0. Let h(z) = z + 4*z**2 - 2 - 3*z**w - 3. What is the tens digit of h(-5)?
1
What is the tens digit of (-6)/(-21) + (-1710)/(-42)?
4
Let p be ((-18)/(-4))/((-1)/12). Let b = 95 + p. What is the tens digit of b?
4
Let c(m) = -39*m - 1. What is the hundreds digit of c(-4)?
1
Let o = -19 - -33. What is the tens digit of o?
1
Suppose -3*k = -k + 24. Let n = -7 - k. Suppose -4*u - d + 15 = 0, -2 = -2*u - n*d + 1. What is the units digit of u?
4
Let f be ((-2)/(-4))/(5/(-40)). Let b(p) = 2*p**2 + 2*p - 4. What is the units digit of b(f)?
0
Let x be 5/((-20)/(-56)) + -2. Suppose 0*l + 3*p - 30 = 3*l, 0 = -4*l + p - 28. What is the units digit of 44/(-2)*l/x?
1
What is the tens digit of (-1)/(((-4)/32*-2)/(-22))?
8
Let d(k) = -2*k + 1. Let s be d(-2). Suppose 20 = s*q - y, -4*y + 3*y = 5. What is the units digit of q?
3
Let s(y) = y**3 - 8*y**2 + 16*y - 8. What is the units digit of s(6)?
6
Let s(t) = 16*t + 19. What is the hundreds digit of s(9)?
1
What is the units digit of 2*41*(-1)/(-2)?
1
Suppose 5*a + 2 - 42 = 0. Suppose 2*d - 12 - a = 0. Suppose 0 = -5*x + 5*w + 35, 3*x = -w + d + 11. What is the units digit of x?
7
Let q be (-2)/7 - 1140/28. What is the units digit of 3/2 - q/2?
2
Let t(z) = -16*z + 2. Let d be t(5). Let u = -19 - d. What is the tens digit of u?
5
Let h(i) = -i**2 - 4*i + 5. Let t be 3 + -2 + -1*5. Let l(a) = a**3 + 5*a**2 + 4*a - 4. Let b be l(t). What is the units digit of h(b)?
5
Suppose 0 = 3*i - 5*i. Let m be (-10)/(-3) + (-1)/3. Let w = m + i. What is the units digit of w?
3
Let q = 3 - 0. Suppose q*x = -2*x + 3*f + 169, x = 4*f + 27. What is the units digit of x?
5
What is the units digit of 11/(3/(-6)*-1)?
2
What is the hundreds digit of ((-5)/(-3) + -1)/(4/1866)?
3
Let b = 13 + -13. Let v(k) = k**3 - 3*k**2 + 8. Let u(r) = -2*r**3 + 7*r**2 - 16. Let m(s) = 3*u(s) + 7*v(s). What is the units digit of m(b)?
8
Let y(w) = 4*w. Let r(d) = d**3 - 8*d**2 + 8*d - 3. Suppose -2*b + 4*b - 14 = 0. Let g be r(b). What is the units digit of y(g)?
6
Let q(a) = a**2 + 4*a - 6. Let w be 2/(-9) - 104/18. What is the units digit of q(w)?
6
Let b(k) = 2*k + 41. What is the units digit of b(-20)?
1
Let j(u) = u**2 - u + 2. Let c be j(0). Suppose c*q + 3*q - 115 = 0. Suppose -q = -3*g + 7. What is the units digit of g?
0
Let w(i) = -i**2 + i + 37. Let l be w(0). Suppose -3 = 2*a - 13. Suppose -a*r + 20 = -o + 4, -3*o = 2*r - l. What is the units digit of o?
9
Suppose -3*u = 4*f - 82, -5*u + 3*u + 50 = 5*f. Suppose -4*i + u = k, 2*i + 64 = 3*k + i. What is the units digit of k?
2
Suppose 0 = -5*h + 10 + 5. Suppose -5*d - 155 = -4*s, -h*s + 2*d + 50 = -61. What is the tens digit of s?
3
Let z be (-1 - 1)/((-5)/(-10)). Let u = z + 10. Let y = u - 4. What is the units digit of y?
2
Let m be 1/((-2)/(-12)*-2). Let h be ((-2)/m)/(4/24). Suppose 10 = -h*v + 2*v - 4*f, -f - 5 = 0. What is the units digit of v?
5
Let h(a) = a**3 + 3*a**2 + 4*a + 3. Let i be h(-2). What is the units digit of i/(-3)*(-189)/(-9)?
7
Suppose 66 = 3*u - 0. What is the units digit of u?
2
Let c = 39 + -18. Let l = 30 - c. What is the units digit of l?
9
Suppose -q - 17 = 2*d + 15, 4*d + 106 = -3*q. What is the units digit of ((-8)/6)/(7/q)?
8
Let a(w) be the second derivative of -w**5/20 + w**4/3 + w**2/2 + 6*w. What is the units digit of a(4)?
1
Suppose -5*o = 4*r + 24, 2*r + 0*r + 12 = 2*o. Let k = 27 + r. Suppose -3*u + 4*u = k. What is the tens digit of u?
2
Suppose 27 - 3 = 3*v. What is the units digit of v?
8
Suppose -p = -3, g = -g - 2*p + 20. What is the units digit of g?
7
What is the units digit of (-690)/(-54) - 4/(-18)?
3
Let s(d) = 6*d**3 + 4*d**2 + 15*d + 6. Let u(f) = -5*f**3 - 4*f**2 - 14*f - 6. Let g(k) = 4*s(k) + 5*u(k). What is the units digit of g(-4)?
4
Let k = 22 - -4. Suppose z - k = -3*g, -z = -0 - 2. What is the units digit of g?
8
Suppose -2*x - x = -369. What is the tens digit of x?
2
Let u(r) = 3*r - 3. Suppose m + 12 = 5*i - 3, 5*m = 4*i - 33. What is the units digit of u(i)?
3
Let t = -7 - -12. Let l = -53 + 54. What is the units digit of l/(((-5)/(-2))/t)?
2
Suppose 0 = -4*s - 5*h + 506, 4*h + 364 = 4*s - s. What is the units digit of s?
4
Let r be 23/3 - (-4)/(-6). Let z = -5 + r. What is the units digit of z?
2
What is the units digit of 2/(1*(-2)/(-51))?
1
Let y(f) = -8*f - 2. What is the units digit of y(-1)?
6
Let y(r) = 3*r - 6. What is the units digit of y(8)?
8
Let m(g) = -9*g + 14. Let s(t) = -4*t + 7. Let k(y) = 3*m(